{"id":227,"date":"2025-04-09T16:59:50","date_gmt":"2025-04-09T12:59:50","guid":{"rendered":"https:\/\/iremi2024.univ.run\/?page_id=227"},"modified":"2025-06-19T13:41:34","modified_gmt":"2025-06-19T09:41:34","slug":"machines-information-et-codage","status":"publish","type":"page","link":"https:\/\/iremi.univ-reunion.fr\/?page_id=227","title":{"rendered":"Machines, Information et Codage"},"content":{"rendered":"\n<div class=\"wp-block-group alignwide has-global-padding is-layout-constrained wp-block-group-is-layout-constrained\" style=\"padding-top:var(--wp--preset--spacing--60);padding-bottom:var(--wp--preset--spacing--60)\">\n<h2 class=\"wp-block-heading alignwide has-small-font-size\" style=\"font-style:normal;font-weight:700;letter-spacing:1.4px;text-transform:uppercase\">Liste de publications de la cat\u00e9gorie Machines, information et codage<\/h2>\n\n\n\n<div class=\"wp-block-query alignwide is-layout-flow wp-block-query-is-layout-flow\"><ul class=\"alignfull wp-block-post-template is-layout-flow wp-container-core-post-template-is-layout-3ee800f6 wp-block-post-template-is-layout-flow\"><li class=\"wp-block-post post-1913 post type-post status-publish format-standard hentry category-algorithmes-programmation-et-langages category-jeux-mathematiques category-machines-information-codage tag-cycle-2 tag-nsi tag-python\">\n\n<div class=\"wp-block-group alignfull is-content-justification-space-between is-nowrap is-layout-flex wp-container-core-group-is-layout-2e0c9c2c wp-block-group-is-layout-flex\" style=\"border-bottom-color:var(--wp--preset--color--base);margin-top:0;margin-bottom:0;padding-top:var(--wp--preset--spacing--20);padding-bottom:0\"><h3 class=\"wp-block-post-title has-large-font-size\"><a href=\"https:\/\/iremi.univ-reunion.fr\/?p=1913\" target=\"_self\" >Mod\u00e9lisation Python du jeu de Welter<\/a><\/h3><\/div>\n\n\n\n<div class=\"wp-block-group is-nowrap is-layout-flex wp-container-core-group-is-layout-6c531013 wp-block-group-is-layout-flex\" style=\"border-top-style:none;border-top-width:0px;border-right-style:none;border-right-width:0px;border-bottom-width:1px;border-left-style:none;border-left-width:0px\"><div class=\"has-text-align-left wp-block-post-author-name\">Alain BUSSER<\/div>\n\n<div class=\"has-text-align-right wp-block-post-date\"><time datetime=\"2026-04-05T19:14:30+04:00\"><a href=\"https:\/\/iremi.univ-reunion.fr\/?p=1913\">5 avril 2026<\/a><\/time><\/div><\/div>\n\n<\/li><li class=\"wp-block-post post-1743 post type-post status-publish format-standard hentry category-algorithmes-programmation-et-langages category-arithmetique-et-algebre category-jeux-mathematiques category-machines-information-codage tag-snt\">\n\n<div class=\"wp-block-group alignfull is-content-justification-space-between is-nowrap is-layout-flex wp-container-core-group-is-layout-2e0c9c2c wp-block-group-is-layout-flex\" style=\"border-bottom-color:var(--wp--preset--color--base);margin-top:0;margin-bottom:0;padding-top:var(--wp--preset--spacing--20);padding-bottom:0\"><h3 class=\"wp-block-post-title has-large-font-size\"><a href=\"https:\/\/iremi.univ-reunion.fr\/?p=1743\" target=\"_self\" >D\u00e9nombrer sans compter<\/a><\/h3><\/div>\n\n\n\n<div class=\"wp-block-group is-nowrap is-layout-flex wp-container-core-group-is-layout-6c531013 wp-block-group-is-layout-flex\" style=\"border-top-style:none;border-top-width:0px;border-right-style:none;border-right-width:0px;border-bottom-width:1px;border-left-style:none;border-left-width:0px\"><div class=\"has-text-align-left wp-block-post-author-name\">Alain BUSSER<\/div>\n\n<div class=\"has-text-align-right wp-block-post-date\"><time datetime=\"2026-03-25T09:02:04+04:00\"><a href=\"https:\/\/iremi.univ-reunion.fr\/?p=1743\">25 mars 2026<\/a><\/time><\/div><\/div>\n\n<\/li><li class=\"wp-block-post post-1745 post type-post status-publish format-standard hentry category-algorithmes-programmation-et-langages category-geometrie category-machines-information-codage tag-lycee tag-nsi\">\n\n<div class=\"wp-block-group alignfull is-content-justification-space-between is-nowrap is-layout-flex wp-container-core-group-is-layout-2e0c9c2c wp-block-group-is-layout-flex\" style=\"border-bottom-color:var(--wp--preset--color--base);margin-top:0;margin-bottom:0;padding-top:var(--wp--preset--spacing--20);padding-bottom:0\"><h3 class=\"wp-block-post-title has-large-font-size\"><a href=\"https:\/\/iremi.univ-reunion.fr\/?p=1745\" target=\"_self\" >Programmation Orient\u00e9e Objet et \u00e9galit\u00e9s<\/a><\/h3><\/div>\n\n\n\n<div class=\"wp-block-group is-nowrap is-layout-flex wp-container-core-group-is-layout-6c531013 wp-block-group-is-layout-flex\" style=\"border-top-style:none;border-top-width:0px;border-right-style:none;border-right-width:0px;border-bottom-width:1px;border-left-style:none;border-left-width:0px\"><div class=\"has-text-align-left wp-block-post-author-name\">Alain BUSSER<\/div>\n\n<div class=\"has-text-align-right wp-block-post-date\"><time datetime=\"2026-03-14T08:35:01+04:00\"><a href=\"https:\/\/iremi.univ-reunion.fr\/?p=1745\">14 mars 2026<\/a><\/time><\/div><\/div>\n\n<\/li><li class=\"wp-block-post post-1670 post type-post status-publish format-standard hentry category-algorithmes-programmation-et-langages category-machines-information-codage tag-lycee tag-nsi\">\n\n<div class=\"wp-block-group alignfull is-content-justification-space-between is-nowrap is-layout-flex wp-container-core-group-is-layout-2e0c9c2c wp-block-group-is-layout-flex\" style=\"border-bottom-color:var(--wp--preset--color--base);margin-top:0;margin-bottom:0;padding-top:var(--wp--preset--spacing--20);padding-bottom:0\"><h3 class=\"wp-block-post-title has-large-font-size\"><a href=\"https:\/\/iremi.univ-reunion.fr\/?p=1670\" target=\"_self\" >Mod\u00e8les, langages et instruments pour l&rsquo;enseignement et l&rsquo;apprentissage de la programmation en Python<\/a><\/h3><\/div>\n\n\n\n<div class=\"wp-block-group is-nowrap is-layout-flex wp-container-core-group-is-layout-6c531013 wp-block-group-is-layout-flex\" style=\"border-top-style:none;border-top-width:0px;border-right-style:none;border-right-width:0px;border-bottom-width:1px;border-left-style:none;border-left-width:0px\"><div class=\"has-text-align-left wp-block-post-author-name\">Christophe Declercq<\/div>\n\n<div class=\"has-text-align-right wp-block-post-date\"><time datetime=\"2026-02-11T18:44:00+04:00\"><a href=\"https:\/\/iremi.univ-reunion.fr\/?p=1670\">11 f\u00e9vrier 2026<\/a><\/time><\/div><\/div>\n\n<\/li><\/ul><\/div>\n<\/div>\n","protected":false},"excerpt":{"rendered":"<p>Liste de publications de la cat\u00e9gorie Machines, information et codage<\/p>\n","protected":false},"author":2,"featured_media":0,"parent":0,"menu_order":0,"comment_status":"closed","ping_status":"closed","template":"","meta":{"footnotes":""},"coauthors":[41],"class_list":["post-227","page","type-page","status-publish","hentry"],"_links":{"self":[{"href":"https:\/\/iremi.univ-reunion.fr\/index.php?rest_route=\/wp\/v2\/pages\/227","targetHints":{"allow":["GET"]}}],"collection":[{"href":"https:\/\/iremi.univ-reunion.fr\/index.php?rest_route=\/wp\/v2\/pages"}],"about":[{"href":"https:\/\/iremi.univ-reunion.fr\/index.php?rest_route=\/wp\/v2\/types\/page"}],"author":[{"embeddable":true,"href":"https:\/\/iremi.univ-reunion.fr\/index.php?rest_route=\/wp\/v2\/users\/2"}],"replies":[{"embeddable":true,"href":"https:\/\/iremi.univ-reunion.fr\/index.php?rest_route=%2Fwp%2Fv2%2Fcomments&post=227"}],"version-history":[{"count":3,"href":"https:\/\/iremi.univ-reunion.fr\/index.php?rest_route=\/wp\/v2\/pages\/227\/revisions"}],"predecessor-version":[{"id":876,"href":"https:\/\/iremi.univ-reunion.fr\/index.php?rest_route=\/wp\/v2\/pages\/227\/revisions\/876"}],"wp:attachment":[{"href":"https:\/\/iremi.univ-reunion.fr\/index.php?rest_route=%2Fwp%2Fv2%2Fmedia&parent=227"}],"wp:term":[{"taxonomy":"author","embeddable":true,"href":"https:\/\/iremi.univ-reunion.fr\/index.php?rest_route=%2Fwp%2Fv2%2Fcoauthors&post=227"}],"curies":[{"name":"wp","href":"https:\/\/api.w.org\/{rel}","templated":true}]}}